 (-6 - ((-21 - -6) + 26))?
-8
Evaluate (-78 - -93) + (2 - 3) + 18.
32
Calculate 12 + -5 + 28 + -33.
2
Calculate 6 - (-8 + (14 - 4)).
4
What is -3 - (3 + (4 - (7 - 6)) + 2)?
-11
-17 + 9 + 2 + 10
4
What is the value of -3 + -5 + -20 + 13?
-15
What is the value of 29 + (-7 - 3) - 13?
6
Calculate -12 - 1 - (24 + -27 - -6).
-16
Evaluate 1 - (-8 + -3 + 2) - (435 - 435).
10
6 + -4 + (-21 - -2 - -12)
-5
4 + -1 + 1 + 809 + -800
13
Calculate -3 + -16 + 19 + -1 + 10.
9
Evaluate 7 + -8 - (-6 - 0) - 9.
-4
0 + (-4 - -3) - (56 + -58)
1
-19 + 5 + -21 + 19
-16
What is -9 + -22 + -2 - -21?
-12
14 - (4 - -18 - 37)
29
Calculate (-9 - -12) + (3 - -1) - (-1 + 3).
5
What is (-12 - (-9 + -1 + -7)) + 1 + -3?
3
Evaluate 6 - (52 + -42 - (6 - 26)).
-24
Evaluate (2 - -7) + (-53 - -37) + 9.
2
What is the value of -10 + -7 + -21 + 22?
-16
Evaluate -22 - (7 + (-1 - 11)) - -8.
-9
What is the value of -508 + 509 - (0 - -1 - 34)?
34
Evaluate (18 - (27 - -12)) + (1 - -5).
-15
Evaluate (-30 - -30) + 1 + 19 + 0 + 2.
22
Calculate 8 + -24 + (298 - 270).
12
Calculate -15 + (28 - (-1 - -18)).
-4
(4 - 7 - 8 - -10) + (-5 - 2)
-8
Calculate 8 + 6 + -46 - -60.
28
What is the value of -9 - (5 + -6 + (12 - 1))?
-19
Calculate 6 + (-6 - (18 + -11) - -11).
4
Evaluate 11 - (1 + 31 - 38).
17
34 - (49 - (7 - -14))
6
12 + -9 - (-2 + (-7 - -13))
-1
-38 + 31 + (2 - 1) + 5 + -3
-4
What is 1 + 26 - (15 - -3 - 17) - 7?
19
229 + -240 - (2 + -19)
6
What is 0 - (4 + -3) - (10 - -1 - 36)?
24
Calculate (39 - (25 - 3 - 17)) + -15.
19
What is 9 - (6 + -8 + 5)?
6
What is the value of 3 - (-5 + 7 + -3 - -3)?
1
0 - -7 - (29 - 30)
8
What is the value of -5 - (-13 + 70 + -35)?
-27
Calculate -41 - (-28 + 31 + -32).
-12
Evaluate -11 + 13 + -34 + (-1 - -4) + 6.
-23
Calculate ((-8 - -7) + -1 - (-3 + 1)) + 8.
8
Evaluate (5 - (26 + -26)) + (3 - 2 - 10).
-4
Calculate 52 - 13 - 35 - (-2 - 19).
25
Evaluate 2 - (-21 + (33 - 20)).
10
What is (2 - -2) + -2 + (-12 - -19) - 25?
-16
Evaluate -10 + (-13 - (-2 - 15)).
-6
What is the value of 13 - (28 + -30 - (-1 + 3))?
17
Evaluate -2 - (-7 + 4) - (11 + 8 + -11).
-7
What is -12 + 3 - (46 - 50) - (0 - -3)?
-8
Calculate 7 + (-6 + -16 - 7).
-22
What is -19 + 18 - (-17 - -2)?
14
What is 25 - 5 - 38 - -23?
5
33 + -42 - (-1 + -9 + 3)
-2
0 - (-3 + 3) - (-55 + 64 + -29)
20
-38 + -14 + (-9 - -39)
-22
Evaluate -1 + 3 - (127 + -93 + 0 + -17).
-15
Calculate (0 - (-2 - -3)) + -1 + (4 - -7).
9
Calculate 5 + (15 + 22 + -7 - 9).
26
Evaluate -1 + 3 + -9 + 12 + (6 - 1).
10
Calculate 33 + -19 - -8 - (0 - -12).
10
What is (-6 - (15 - 45)) + -14?
10
Evaluate 50 - (18 - -9) - -10.
33
-4 + 9 + -3 - (-12 - -6)
8
Calculate 6 + -1 + 47 + -51 + 4.
5
Calculate -828 + 852 + (5 - -2).
31
What is the value of 28 - ((31 - 2) + 14)?
-15
Calculate 14 - (-6 + 16) - 12.
-8
What is the value of 20 + (-21 - (12 - -19))?
-32
Calculate -7 + 10 + 0 - 9.
-6
Evaluate 1 - -3 - (22 - ((1 - -38) + -22)).
-1
What is (-4 - (1 + -4) - (-1 + 6)) + 3?
-3
-1 - (-37 + (-19 - -27))
28
-7 + (-2 - -1 - (13 - 20)) + 18
17
What is the value of -2 + ((-9 + -6 - -6) + 4 - -6)?
-1
Calculate -3 + (4 - 1) + (-6 - (2 + 10)).
-18
What is the value of -2 + ((-5 - -17) + -16 - (2 + 1))?
-9
Calculate 10 + (7 - 1 - 19).
-3
Calculate -4 + -26 + 16 + 5 + 7 + -4.
-6
What is the value of 42 + (-54 - (-27 + 18))?
-3
Evaluate -15 - (2 + -6 - ((6 - 13) + 7)).
-11
-12 + 1 + 1 + 2 + 31 + -23
0
Calculate (1 - (-1 - -9)) + 12.
5
What is the value of (1 + 3 - 4) + (2 - 6 - -9)?
5
Evaluate (8 - 0) + (32 - 11 - 10) + -10.
9
Calculate -153 + 146 - (33 + 1).
-41
-11 + 9 + -22 - -26
2
-2 + -3 + (1 - (-1 + -5)) + 2
4
Evaluate (1 - -2) + 3 - (14 + -6).
-2
What is (-6 - -2) + -7 + 19?
8
Evaluate 0 + (-9 - -14 - -4) + 0 - -8.
17
What is the value of 7 + 3 - (-11 + (11 - -7))?
3
-1 - 12 - (9 - 4)
-18
13 + -29 + -16 + 7
-25
What is the value of 13 + (60 - 71) - (-3 - 0 - 1)?
6
Calculate 3 - (-38 - (-10 - 44)).
-13
What is 6 + -1 + 1 - ((-11 - -23) + -16)?
10
What is the value of -8 + (-11 - 17) + 6 + 11?
-19
What is the value of -4 + (-6 - -2) + (-43 - -42) + 35?
26
Calculate (-41 - -33) + -2 + (3 - 2).
-9
-8 - (-9 + (-2 - (-5 - -11)))
9
-13 + (-5 - (3 - -3)) - -7
-17
What is the value of -40 + (23 - -30) + -23?
-10
What is 3 + -1 + 2 + (-22 + 24 - 8)?
-2
-12 - (-15 + -1 + 16)
-12
-11 + -4 - (-59 - -43)
1
What is -21 + 7 + (-3 - (-1 + -13))?
-3
Evaluate 2 - ((-6 + 16 - 1) + -4 - -2).
-5
1 - (-33 - (-53 + -20))
-39
What is (41 - 18) + (5 - (-5 + 8))?
25
9 + -7 + (-8 - -2) - (-1 - -4)
-7
What is 35 - 72 - -46 - (7 + (-1 - 0))?
3
-13 + 0 + 9 + -3 + (13 - -6)
12
What is the value of -3 - (3 - (10 - 2))?
2
-12 - (12 + -22 - -7)
-9
Evaluate (-19 - (12 + -45)) + 3.
17
Evaluate -203 + 221 - (2 - (-2 + -3)).
11
(-1093 - -1079) + (-18 - 2)
-34
Calculate -13 - -10 - (-5 + -2 + 8 + -5).
1
What is the value of -8 + 18 + -8 - 2 - 4?
-4
Evaluate (-12 - (6 - 3)) + 412 + -393.
4
Calculate -4 - -3 - (16 - (12 + -2 - 8)).
-15
Calculate -13 - (12 + (-35 - -12)).
-2
What is -7 - -20 - (-8 + 14) - (13 - 2)?
-4
1 - 42 - (-304 - -284)
-21
Evaluate -11 + -15 - ((-4 - (-1 - -3)) + -6).
-14
Calculate 9 - (2 + 1 + (15 + -18 - -8)).
1
What is the value of -4 - -8 - (-287 + 293)?
-2
Calculate 6 + (17 - 21 - (-11 - -2)).
11
(-28 - 11) + 28 + -11
-22
What is -3 + -1 - -2 - (1 - (6 - 1))?
2
What is the value of -11 + (4 - -10) + -3?
0
What is the value of 18 - (7 - -9) - 6?
-4
What is -32 + (-21 - -117 - 34)?
30
Calculate -2 + 2 + 12 + -16 + 7 - -3.
6
What is -2 + 9 + (3 - (-29 - -28))?
11
-9 + 25 - (-28 - -54)
-10
Calculate 11 + (-12 - 5) - (-5 - -16 - 8).
-9
What is -3 - (10 - 10 - 19)?
16
What is the value of -2 + (2 - 6) + 3 + (-9 - -27)?
15
Calculate (3 - 2 - (-9 + 7)) + -3.
0
1 + 2 - (-17 + (21 - 4 - 9))
12
What is the value of 9 + -6 + 9 + -21?
-9
Evaluate -6 + (-6 - (-9 + 0)) + -11.
-14
Evaluate -1 - 0 - (-16 - (-9 + -16) - 9).
-1
What is (-3 - (-8 - -10 - (4 - -1))) + -7?
-7
What is the value of -1 + (-2 - -1) + -2 + (930 - 932)?
-6
What is the value of (13 - (-2 + -5 + 2 + 5)) + -3?
10
What is the value of 2 + (2 - 19) + -3?
-18
What is (7 - 39) + 14 - -9?
-9
9 + (-14 - (4 + -13)) + 5
9
(-7 - -13 - 9) + 1 - 9
-11
Evaluate (-39 - (-32 - 5)) + -13.
-15
Calculate -2 - 2 - (96 + -125).
25
1 + (-25 - -6) + (7 - (0 + 1))
-12
What is the value of 42 + -43 + 1 + (-2 - -1) + 10?
9
Calculate (-30 - -15) + (57 - 69).
-27
(1 - (3 + 0)) + 13
11
Evaluate -21 - (5 - 2) - (108 - 103).
-29
Calculate 1 + -8 - (170 - 148).
-29
25 + -5 + (0 + 0 - -1) + -4
17
(62 - 45) + -7 + 2 - 6
6
-27 - (36 - 69) - (-1 - -11)
-4
Evaluate -32 - -64 - 45 - 15.
-28
What is (3 - -7) + (-19 - -27)?
18
Calculate -29 + (-11 - -12) - 8 - -19.
-17
Evaluate -1 - -28 - (389 - 350).
-12
Calculate -8 - (16 + -2 + 2 + -3).
-21
Calculate (-20 - (-39 + 30)) + (-2 - -2).
-11
11 + (6 - -6) + -37
-14
Calculate -29 + -1 + 15 + -7.
-22
Calculate 4 - 3 - 8 - (-7 - 8).
8
15 + (1 + -5 - (-23 + 40 - 20))
14
What is 3 + (-4 + -8 - -5) + 4?
0
Calculate 13 + -1 + 14 + -31 + -12.
-17
What is the value of (10 - (-25 - -51)) + -9 + -1 + 0?
-26
What is 332 + -305 - (32 + 1)?
-6
What is the value of (-271 - -290) + 1 + -40?
-20
-4 - (0 + (-10 - -8)) - 6
-8
Evaluate 19 + (-39 - (14 + -22)).
-12
Calculate -4 - 11 - (274 + -287).
-2
(-15 - (-1 + 11 + -7 + -8)) + -6
-16
Evaluate (4 - -12) + 13 + 2 + -50.
-19
What is the value of 6 - 0 - (-5 + -3 + 9) - 16?
-11
What is -4 + 26 + (-35 - -24 - -5)?
16
Calculate -4 - ((-1 - (4 - 10)) + -4).
-5
13 + (0 + 2 - 0) + (156 - 154)
17
13 + (-5 - -1) + (-10 - 0) + 2
1
0 + -8 - ((-13 - -10) + 7 - 22)
10
What is -8 + (-14 + 7 - -7 - -10) - 6?
-4
What is -4 + (6 - 12) - 7 - -9?
-8
What is the value of 0 + -37 + (-1010 - -1067)?
20
What is 11 + (-2 - 0) + -20 + -1?
-12
Calculate -2 - (12 - (-5 - (-7 - 4))).
-8
What is -22 + (11 - 19) + -4 + 15?
-19
Calculate (20 - 10) + -9 + -2 - 12.
-13
(-16 - 7) + -4 - -16
-11
(-4 - 6) + -1 + 10
-1
Evaluate (-4 - -15 - (2 + 0)) + (31 - 37).
3
Calculate 609 - 574 - (-2 + 17).
20
Calculate (9 + -2 - (-8 + 50) - 0) + 5.
-30
Evaluate 4 - 15 - (66 - 94).
17
Evaluate -33 - -17 - (-2 - 12).
-2
0 - 3 - ((-7 - (-3 - 1)) + 4)
-4
What is the value of -8 + 3 + -3 + (0 - 0) + 8?
0
39 + -33 + -14 + -2 + (3 - 3)
-10
What is 2 + -40 + 232 + -186?
8
What is -787 + 787 + (-1 - -1) + -14 + 0?
-14
54 + -54 - (5 